167.71.213.175 - - [16/Aug/2026:12:36:20 -0300] "GET /wp-content/plugins/elementor/assets/js/frontend-modules.min.js?ver=3.35.8 HTTP/2.0" 200 21007 "https://bola.osdestaques.com/" "Mozilla/5.0 (Linux; Android 10; HD1900 Build/QKQ1.190716.003; wv) AppleWebKit/537.36 (KHTML, like Gecko) Version/4.0 Chrome/75.0.3770.156 Mobile Safari/537.36 aweme_230400 JsSdk/1.0 NetType/WIFI AppName/aweme app_version/23.4.0 ByteLocale/zh-CN Region/CN AppSkin/white AppTheme/light BytedanceWebview/d8a21c6 WebView/075113004008" bola.osdestaques.com 10.53.160.225
167.71.213.175 - - [16/Aug/2026:12:36:20 -0300] "GET /wp-includes/css/dist/block-library/style.min.css?ver=7.0.4 HTTP/2.0" 200 25240 "https://bola.osdestaques.com/2026/08/10/maxaquene-procura-primeiro-triunfo-jornal-desafio/" "Mozilla/5.0 (Linux; Android 10; HD1900 Build/QKQ1.190716.003; wv) AppleWebKit/537.36 (KHTML, like Gecko) Version/4.0 Chrome/75.0.3770.156 Mobile Safari/537.36 aweme_230400 JsSdk/1.0 NetType/WIFI AppName/aweme app_version/23.4.0 ByteLocale/zh-CN Region/CN AppSkin/white AppTheme/light BytedanceWebview/d8a21c6 WebView/075113004008" bola.osdestaques.com 10.53.160.225
167.71.213.175 - - [16/Aug/2026:12:36:20 -0300] "GET /wp-content/plugins/elementor-pro/assets/js/elements-handlers.min.js?ver=3.34.3 HTTP/2.0" 200 14234 "https://bola.osdestaques.com/" "Mozilla/5.0 (Linux; Android 10; HD1900 Build/QKQ1.190716.003; wv) AppleWebKit/537.36 (KHTML, like Gecko) Version/4.0 Chrome/75.0.3770.156 Mobile Safari/537.36 aweme_230400 JsSdk/1.0 NetType/WIFI AppName/aweme app_version/23.4.0 ByteLocale/zh-CN Region/CN AppSkin/white AppTheme/light BytedanceWebview/d8a21c6 WebView/075113004008" bola.osdestaques.com 10.53.160.225
167.71.213.175 - - [16/Aug/2026:12:36:20 -0300] "GET /wp-content/uploads/2026/07/5eeb4986-fde1-4b37-87e1-a43bb42c753a-20x13.jpg HTTP/2.0" 200 670 "https://bola.osdestaques.com/" "Mozilla/5.0 (Linux; Android 10; HD1900 Build/QKQ1.190716.003; wv) AppleWebKit/537.36 (KHTML, like Gecko) Version/4.0 Chrome/75.0.3770.156 Mobile Safari/537.36 aweme_230400 JsSdk/1.0 NetType/WIFI AppName/aweme app_version/23.4.0 ByteLocale/zh-CN Region/CN AppSkin/white AppTheme/light BytedanceWebview/d8a21c6 WebView/075113004008" bola.osdestaques.com 10.53.160.225
167.71.213.175 - - [16/Aug/2026:12:36:20 -0300] "GET /wp-content/uploads/2026/07/Calo-20x24.jpg HTTP/2.0" 200 553 "https://bola.osdestaques.com/" "Mozilla/5.0 (Linux; Android 10; HD1900 Build/QKQ1.190716.003; wv) AppleWebKit/537.36 (KHTML, like Gecko) Version/4.0 Chrome/75.0.3770.156 Mobile Safari/537.36 aweme_230400 JsSdk/1.0 NetType/WIFI AppName/aweme app_version/23.4.0 ByteLocale/zh-CN Region/CN AppSkin/white AppTheme/light BytedanceWebview/d8a21c6 WebView/075113004008" bola.osdestaques.com 10.53.160.225
167.71.213.175 - - [16/Aug/2026:12:36:20 -0300] "GET /wp-content/uploads/2026/07/BAIA-VS-FER-BEIRA-1-20x17.jpg HTTP/2.0" 200 533 "https://bola.osdestaques.com/" "Mozilla/5.0 (Linux; Android 10; HD1900 Build/QKQ1.190716.003; wv) AppleWebKit/537.36 (KHTML, like Gecko) Version/4.0 Chrome/75.0.3770.156 Mobile Safari/537.36 aweme_230400 JsSdk/1.0 NetType/WIFI AppName/aweme app_version/23.4.0 ByteLocale/zh-CN Region/CN AppSkin/white AppTheme/light BytedanceWebview/d8a21c6 WebView/075113004008" bola.osdestaques.com 10.53.160.225
167.71.213.175 - - [16/Aug/2026:12:36:20 -0300] "GET /wp-content/uploads/2026/07/04cbe32e-8e72-4e9a-a7bb-b8b85e210561-20x13.jpg HTTP/2.0" 200 678 "https://bola.osdestaques.com/" "Mozilla/5.0 (Linux; Android 10; HD1900 Build/QKQ1.190716.003; wv) AppleWebKit/537.36 (KHTML, like Gecko) Version/4.0 Chrome/75.0.3770.156 Mobile Safari/537.36 aweme_230400 JsSdk/1.0 NetType/WIFI AppName/aweme app_version/23.4.0 ByteLocale/zh-CN Region/CN AppSkin/white AppTheme/light BytedanceWebview/d8a21c6 WebView/075113004008" bola.osdestaques.com 10.53.160.225
167.71.213.175 - - [16/Aug/2026:12:36:20 -0300] "GET /wp-content/uploads/2026/07/8a94ebb9-cb02-49ae-818b-777d82d325e3-20x13.jpg HTTP/2.0" 200 678 "https://bola.osdestaques.com/" "Mozilla/5.0 (Linux; Android 10; HD1900 Build/QKQ1.190716.003; wv) AppleWebKit/537.36 (KHTML, like Gecko) Version/4.0 Chrome/75.0.3770.156 Mobile Safari/537.36 aweme_230400 JsSdk/1.0 NetType/WIFI AppName/aweme app_version/23.4.0 ByteLocale/zh-CN Region/CN AppSkin/white AppTheme/light BytedanceWebview/d8a21c6 WebView/075113004008" bola.osdestaques.com 10.53.160.225
167.71.213.175 - - [16/Aug/2026:12:36:20 -0300] "GET /wp-content/uploads/2026/07/KAMO-KAMO-20x18.jpg HTTP/2.0" 200 565 "https://bola.osdestaques.com/" "Mozilla/5.0 (Linux; Android 10; HD1900 Build/QKQ1.190716.003; wv) AppleWebKit/537.36 (KHTML, like Gecko) Version/4.0 Chrome/75.0.3770.156 Mobile Safari/537.36 aweme_230400 JsSdk/1.0 NetType/WIFI AppName/aweme app_version/23.4.0 ByteLocale/zh-CN Region/CN AppSkin/white AppTheme/light BytedanceWebview/d8a21c6 WebView/075113004008" bola.osdestaques.com 10.53.160.225
167.71.213.175 - - [16/Aug/2026:12:36:20 -0300] "GET /wp-content/uploads/2026/07/COSTA-DO-SOL-VS-ADV-1-20x13.jpg HTTP/2.0" 200 1016 "https://bola.osdestaques.com/" "Mozilla/5.0 (Linux; Android 10; HD1900 Build/QKQ1.190716.003; wv) AppleWebKit/537.36 (KHTML, like Gecko) Version/4.0 Chrome/75.0.3770.156 Mobile Safari/537.36 aweme_230400 JsSdk/1.0 NetType/WIFI AppName/aweme app_version/23.4.0 ByteLocale/zh-CN Region/CN AppSkin/white AppTheme/light BytedanceWebview/d8a21c6 WebView/075113004008" bola.osdestaques.com 10.53.160.225
167.71.213.175 - - [16/Aug/2026:12:36:20 -0300] "GET /wp-content/uploads/2026/07/ADV-VILANKULO-20x13.jpg HTTP/2.0" 200 489 "https://bola.osdestaques.com/" "Mozilla/5.0 (Linux; Android 10; HD1900 Build/QKQ1.190716.003; wv) AppleWebKit/537.36 (KHTML, like Gecko) Version/4.0 Chrome/75.0.3770.156 Mobile Safari/537.36 aweme_230400 JsSdk/1.0 NetType/WIFI AppName/aweme app_version/23.4.0 ByteLocale/zh-CN Region/CN AppSkin/white AppTheme/light BytedanceWebview/d8a21c6 WebView/075113004008" bola.osdestaques.com 10.53.160.225
167.71.213.175 - - [16/Aug/2026:12:36:20 -0300] "GET /wp-content/uploads/2026/05/FER-BEIRA-VS-CHINGALE-20x15.jpg HTTP/2.0" 200 505 "https://bola.osdestaques.com/" "Mozilla/5.0 (Linux; Android 10; HD1900 Build/QKQ1.190716.003; wv) AppleWebKit/537.36 (KHTML, like Gecko) Version/4.0 Chrome/75.0.3770.156 Mobile Safari/537.36 aweme_230400 JsSdk/1.0 NetType/WIFI AppName/aweme app_version/23.4.0 ByteLocale/zh-CN Region/CN AppSkin/white AppTheme/light BytedanceWebview/d8a21c6 WebView/075113004008" bola.osdestaques.com 10.53.160.225
167.71.213.175 - - [16/Aug/2026:12:36:20 -0300] "GET /wp-content/plugins/wp-automatic/css/wp-automatic.css?ver=1.0.0 HTTP/2.0" 200 892 "https://bola.osdestaques.com/2026/08/10/maxaquene-procura-primeiro-triunfo-jornal-desafio/" "Mozilla/5.0 (Linux; Android 10; HD1900 Build/QKQ1.190716.003; wv) AppleWebKit/537.36 (KHTML, like Gecko) Version/4.0 Chrome/75.0.3770.156 Mobile Safari/537.36 aweme_230400 JsSdk/1.0 NetType/WIFI AppName/aweme app_version/23.4.0 ByteLocale/zh-CN Region/CN AppSkin/white AppTheme/light BytedanceWebview/d8a21c6 WebView/075113004008" bola.osdestaques.com 10.53.160.225
51.210.2.181 - - [16/Aug/2026:12:36:21 -0300] "GET /wp-content/uploads/2026/08/MAXAQUENE-VS-CHINGALE-1100x955.jpg HTTP/2.0" 200 189358 "https://bola.osdestaques.com/" "Mozilla/5.0 (Linux; Android 10; K) AppleWebKit/537.36 (KHTML, like Gecko) Chrome/145.0.0.0 Mobile Safari/537.36" bola.osdestaques.com 10.53.160.225
51.210.2.181 - - [16/Aug/2026:12:36:21 -0300] "GET /wp-includes/js/jquery/ui/core.min.js?ver=1.13.3 HTTP/2.0" 200 8375 "https://bola.osdestaques.com/" "Mozilla/5.0 (Linux; Android 10; K) AppleWebKit/537.36 (KHTML, like Gecko) Chrome/145.0.0.0 Mobile Safari/537.36" bola.osdestaques.com 10.53.160.225
51.210.2.181 - - [16/Aug/2026:12:36:21 -0300] "GET /wp-content/plugins/elementor/assets/js/frontend.min.js?ver=3.35.8 HTTP/2.0" 200 13283 "https://bola.osdestaques.com/" "Mozilla/5.0 (Linux; Android 10; K) AppleWebKit/537.36 (KHTML, like Gecko) Chrome/145.0.0.0 Mobile Safari/537.36" bola.osdestaques.com 10.53.160.225
51.210.2.181 - - [16/Aug/2026:12:36:21 -0300] "GET /wp-content/plugins/elementor-pro/assets/js/webpack-pro.runtime.min.js?ver=3.34.3 HTTP/2.0" 200 2952 "https://bola.osdestaques.com/" "Mozilla/5.0 (Linux; Android 10; K) AppleWebKit/537.36 (KHTML, like Gecko) Chrome/145.0.0.0 Mobile Safari/537.36" bola.osdestaques.com 10.53.160.225
98.97.151.76 - - [16/Aug/2026:12:36:19 -0300] "GET / HTTP/2.0" 200 78120 "-" "Mozilla/5.0 (Linux; Android 13; SM-S911B) AppleWebKit/537.36 (KHTML, like Gecko) Chrome/111.0 Mobile Safari/537.36" bola.osdestaques.com 10.53.160.225
51.210.2.181 - - [16/Aug/2026:12:36:21 -0300] "GET /wp-content/plugins/elementor-pro/assets/js/elements-handlers.min.js?ver=3.34.3 HTTP/2.0" 200 14234 "https://bola.osdestaques.com/" "Mozilla/5.0 (Linux; Android 10; K) AppleWebKit/537.36 (KHTML, like Gecko) Chrome/145.0.0.0 Mobile Safari/537.36" bola.osdestaques.com 10.53.160.225
51.210.2.181 - - [16/Aug/2026:12:36:21 -0300] "GET /wp-content/plugins/elementor-pro/assets/js/frontend.min.js?ver=3.34.3 HTTP/2.0" 200 8512 "https://bola.osdestaques.com/" "Mozilla/5.0 (Linux; Android 10; K) AppleWebKit/537.36 (KHTML, like Gecko) Chrome/145.0.0.0 Mobile Safari/537.36" bola.osdestaques.com 10.53.160.225
167.71.213.175 - - [16/Aug/2026:12:36:21 -0300] "GET /wp-content/plugins/wp-automatic/js/main-front.js?ver=1.0.1 HTTP/2.0" 200 543 "https://bola.osdestaques.com/2026/08/10/maxaquene-procura-primeiro-triunfo-jornal-desafio/" "Mozilla/5.0 (Linux; Android 10; HD1900 Build/QKQ1.190716.003; wv) AppleWebKit/537.36 (KHTML, like Gecko) Version/4.0 Chrome/75.0.3770.156 Mobile Safari/537.36 aweme_230400 JsSdk/1.0 NetType/WIFI AppName/aweme app_version/23.4.0 ByteLocale/zh-CN Region/CN AppSkin/white AppTheme/light BytedanceWebview/d8a21c6 WebView/075113004008" bola.osdestaques.com 10.53.160.225
51.210.2.181 - - [16/Aug/2026:12:36:21 -0300] "GET /wp-content/uploads/2026/07/5eeb4986-fde1-4b37-87e1-a43bb42c753a-20x13.jpg HTTP/2.0" 200 670 "https://bola.osdestaques.com/" "Mozilla/5.0 (Linux; Android 10; K) AppleWebKit/537.36 (KHTML, like Gecko) Chrome/145.0.0.0 Mobile Safari/537.36" bola.osdestaques.com 10.53.160.225
51.210.2.181 - - [16/Aug/2026:12:36:21 -0300] "GET /wp-content/uploads/2026/07/Calo-20x24.jpg HTTP/2.0" 200 553 "https://bola.osdestaques.com/" "Mozilla/5.0 (Linux; Android 10; K) AppleWebKit/537.36 (KHTML, like Gecko) Chrome/145.0.0.0 Mobile Safari/537.36" bola.osdestaques.com 10.53.160.225
51.210.2.181 - - [16/Aug/2026:12:36:21 -0300] "GET /wp-content/uploads/2026/07/Orio-Benzane-20x13.jpg HTTP/2.0" 200 1038 "https://bola.osdestaques.com/" "Mozilla/5.0 (Linux; Android 10; K) AppleWebKit/537.36 (KHTML, like Gecko) Chrome/145.0.0.0 Mobile Safari/537.36" bola.osdestaques.com 10.53.160.225
51.210.2.181 - - [16/Aug/2026:12:36:21 -0300] "GET /wp-content/uploads/2026/07/FER-MAPUTO-VS-COSTA-DO-SOL-20x13.jpg HTTP/2.0" 200 1012 "https://bola.osdestaques.com/" "Mozilla/5.0 (Linux; Android 10; K) AppleWebKit/537.36 (KHTML, like Gecko) Chrome/145.0.0.0 Mobile Safari/537.36" bola.osdestaques.com 10.53.160.225
51.210.2.181 - - [16/Aug/2026:12:36:21 -0300] "GET /wp-content/uploads/2026/07/BAIA-VS-FER-BEIRA-1-20x17.jpg HTTP/2.0" 200 533 "https://bola.osdestaques.com/" "Mozilla/5.0 (Linux; Android 10; K) AppleWebKit/537.36 (KHTML, like Gecko) Chrome/145.0.0.0 Mobile Safari/537.36" bola.osdestaques.com 10.53.160.225
51.210.2.181 - - [16/Aug/2026:12:36:22 -0300] "GET /wp-content/uploads/2026/07/753033984_2330043544468470_2847820598273458051_n-20x13.jpg HTTP/2.0" 200 683 "https://bola.osdestaques.com/" "Mozilla/5.0 (Linux; Android 10; K) AppleWebKit/537.36 (KHTML, like Gecko) Chrome/145.0.0.0 Mobile Safari/537.36" bola.osdestaques.com 10.53.160.225
51.210.2.181 - - [16/Aug/2026:12:36:22 -0300] "GET /wp-content/uploads/2026/07/753933291_2643108202791287_4684447410305294706_n-20x21.jpg HTTP/2.0" 200 811 "https://bola.osdestaques.com/" "Mozilla/5.0 (Linux; Android 10; K) AppleWebKit/537.36 (KHTML, like Gecko) Chrome/145.0.0.0 Mobile Safari/537.36" bola.osdestaques.com 10.53.160.225
51.210.2.181 - - [16/Aug/2026:12:36:22 -0300] "GET /wp-content/uploads/2026/07/FER-BEIRA-1-20x19.jpg HTTP/2.0" 200 609 "https://bola.osdestaques.com/" "Mozilla/5.0 (Linux; Android 10; K) AppleWebKit/537.36 (KHTML, like Gecko) Chrome/145.0.0.0 Mobile Safari/537.36" bola.osdestaques.com 10.53.160.225
51.210.2.181 - - [16/Aug/2026:12:36:22 -0300] "GET /wp-content/uploads/2026/07/04cbe32e-8e72-4e9a-a7bb-b8b85e210561-20x13.jpg HTTP/2.0" 200 678 "https://bola.osdestaques.com/" "Mozilla/5.0 (Linux; Android 10; K) AppleWebKit/537.36 (KHTML, like Gecko) Chrome/145.0.0.0 Mobile Safari/537.36" bola.osdestaques.com 10.53.160.225
51.210.2.181 - - [16/Aug/2026:12:36:22 -0300] "GET /wp-content/uploads/2026/07/111813-20x11.jpg HTTP/2.0" 200 680 "https://bola.osdestaques.com/" "Mozilla/5.0 (Linux; Android 10; K) AppleWebKit/537.36 (KHTML, like Gecko) Chrome/145.0.0.0 Mobile Safari/537.36" bola.osdestaques.com 10.53.160.225
51.210.2.181 - - [16/Aug/2026:12:36:22 -0300] "GET /wp-content/uploads/2026/07/8a94ebb9-cb02-49ae-818b-777d82d325e3-20x13.jpg HTTP/2.0" 200 678 "https://bola.osdestaques.com/" "Mozilla/5.0 (Linux; Android 10; K) AppleWebKit/537.36 (KHTML, like Gecko) Chrome/145.0.0.0 Mobile Safari/537.36" bola.osdestaques.com 10.53.160.225
51.210.2.181 - - [16/Aug/2026:12:36:22 -0300] "GET /wp-content/uploads/2026/07/COSTA-DO-SOL-VS-ADV-1-20x13.jpg HTTP/2.0" 200 1016 "https://bola.osdestaques.com/" "Mozilla/5.0 (Linux; Android 10; K) AppleWebKit/537.36 (KHTML, like Gecko) Chrome/145.0.0.0 Mobile Safari/537.36" bola.osdestaques.com 10.53.160.225
51.210.2.181 - - [16/Aug/2026:12:36:22 -0300] "GET /wp-content/uploads/2026/08/MAXAQUENE-VS-FER-NACALA-20x14.jpg HTTP/2.0" 200 515 "https://bola.osdestaques.com/" "Mozilla/5.0 (Linux; Android 10; K) AppleWebKit/537.36 (KHTML, like Gecko) Chrome/145.0.0.0 Mobile Safari/537.36" bola.osdestaques.com 10.53.160.225
51.210.2.181 - - [16/Aug/2026:12:36:22 -0300] "GET /wp-content/uploads/2026/08/BLACK-BULLS-VS-AD-PEMBA-20x17.jpg HTTP/2.0" 200 531 "https://bola.osdestaques.com/" "Mozilla/5.0 (Linux; Android 10; K) AppleWebKit/537.36 (KHTML, like Gecko) Chrome/145.0.0.0 Mobile Safari/537.36" bola.osdestaques.com 10.53.160.225
51.210.2.181 - - [16/Aug/2026:12:36:22 -0300] "GET /wp-content/uploads/2026/07/KAMO-KAMO-20x18.jpg HTTP/2.0" 200 565 "https://bola.osdestaques.com/" "Mozilla/5.0 (Linux; Android 10; K) AppleWebKit/537.36 (KHTML, like Gecko) Chrome/145.0.0.0 Mobile Safari/537.36" bola.osdestaques.com 10.53.160.225
51.210.2.181 - - [16/Aug/2026:12:36:22 -0300] "GET /wp-content/uploads/2026/06/BLACK-BULLS-20x13.jpg HTTP/2.0" 200 512 "https://bola.osdestaques.com/" "Mozilla/5.0 (Linux; Android 10; K) AppleWebKit/537.36 (KHTML, like Gecko) Chrome/145.0.0.0 Mobile Safari/537.36" bola.osdestaques.com 10.53.160.225
51.210.2.181 - - [16/Aug/2026:12:36:22 -0300] "GET /wp-content/uploads/2026/05/FER-BEIRA-VS-CHINGALE-20x15.jpg HTTP/2.0" 200 505 "https://bola.osdestaques.com/" "Mozilla/5.0 (Linux; Android 10; K) AppleWebKit/537.36 (KHTML, like Gecko) Chrome/145.0.0.0 Mobile Safari/537.36" bola.osdestaques.com 10.53.160.225
51.210.2.181 - - [16/Aug/2026:12:36:23 -0300] "GET /wp-content/uploads/2026/08/COSTA-DO-SOL-VS-FER-NAMPULA-20x13.jpg HTTP/2.0" 200 1008 "https://bola.osdestaques.com/" "Mozilla/5.0 (Linux; Android 10; K) AppleWebKit/537.36 (KHTML, like Gecko) Chrome/145.0.0.0 Mobile Safari/537.36" bola.osdestaques.com 10.53.160.225
51.210.2.181 - - [16/Aug/2026:12:36:23 -0300] "GET /wp-content/uploads/2026/07/WhatsApp-Image-2026-07-10-at-14.00.55-20x14.jpeg HTTP/2.0" 200 514 "https://bola.osdestaques.com/" "Mozilla/5.0 (Linux; Android 10; K) AppleWebKit/537.36 (KHTML, like Gecko) Chrome/145.0.0.0 Mobile Safari/537.36" bola.osdestaques.com 10.53.160.225
51.210.2.181 - - [16/Aug/2026:12:36:23 -0300] "GET /wp-content/uploads/2026/07/PEMBINHA-20x11.jpg HTTP/2.0" 200 479 "https://bola.osdestaques.com/" "Mozilla/5.0 (Linux; Android 10; K) AppleWebKit/537.36 (KHTML, like Gecko) Chrome/145.0.0.0 Mobile Safari/537.36" bola.osdestaques.com 10.53.160.225
51.210.2.181 - - [16/Aug/2026:12:36:23 -0300] "GET /wp-content/uploads/2026/07/103527-20x11.jpg HTTP/2.0" 200 655 "https://bola.osdestaques.com/" "Mozilla/5.0 (Linux; Android 10; K) AppleWebKit/537.36 (KHTML, like Gecko) Chrome/145.0.0.0 Mobile Safari/537.36" bola.osdestaques.com 10.53.160.225
51.210.2.181 - - [16/Aug/2026:12:36:23 -0300] "GET /wp-content/uploads/2026/07/FER.-BEIRA-20x20.jpg HTTP/2.0" 200 579 "https://bola.osdestaques.com/" "Mozilla/5.0 (Linux; Android 10; K) AppleWebKit/537.36 (KHTML, like Gecko) Chrome/145.0.0.0 Mobile Safari/537.36" bola.osdestaques.com 10.53.160.225
51.210.2.181 - - [16/Aug/2026:12:36:23 -0300] "GET /wp-content/uploads/2026/07/LMF-20x13.jpg HTTP/2.0" 200 505 "https://bola.osdestaques.com/" "Mozilla/5.0 (Linux; Android 10; K) AppleWebKit/537.36 (KHTML, like Gecko) Chrome/145.0.0.0 Mobile Safari/537.36" bola.osdestaques.com 10.53.160.225
51.210.2.181 - - [16/Aug/2026:12:36:23 -0300] "GET /wp-content/uploads/2026/07/COSTA-DO-SOL-VS-ADV-20x15.jpg HTTP/2.0" 200 519 "https://bola.osdestaques.com/" "Mozilla/5.0 (Linux; Android 10; K) AppleWebKit/537.36 (KHTML, like Gecko) Chrome/145.0.0.0 Mobile Safari/537.36" bola.osdestaques.com 10.53.160.225
51.210.2.181 - - [16/Aug/2026:12:36:23 -0300] "GET /wp-content/uploads/2026/07/maxaquene-ADV-20x12.jpg HTTP/2.0" 200 1013 "https://bola.osdestaques.com/" "Mozilla/5.0 (Linux; Android 10; K) AppleWebKit/537.36 (KHTML, like Gecko) Chrome/145.0.0.0 Mobile Safari/537.36" bola.osdestaques.com 10.53.160.225
51.210.2.181 - - [16/Aug/2026:12:36:23 -0300] "GET /wp-content/uploads/2026/05/Black-Bulls-VS-Maxaquene-20x13.jpg HTTP/2.0" 200 476 "https://bola.osdestaques.com/" "Mozilla/5.0 (Linux; Android 10; K) AppleWebKit/537.36 (KHTML, like Gecko) Chrome/145.0.0.0 Mobile Safari/537.36" bola.osdestaques.com 10.53.160.225
51.210.2.181 - - [16/Aug/2026:12:36:23 -0300] "GET /wp-content/uploads/2026/07/FER-LICHINGA-BLACK-BULLS-20x14.jpg HTTP/2.0" 200 470 "https://bola.osdestaques.com/" "Mozilla/5.0 (Linux; Android 10; K) AppleWebKit/537.36 (KHTML, like Gecko) Chrome/145.0.0.0 Mobile Safari/537.36" bola.osdestaques.com 10.53.160.225
51.210.2.181 - - [16/Aug/2026:12:36:23 -0300] "GET /wp-content/uploads/2026/07/ADV-VILANKULO-20x13.jpg HTTP/2.0" 200 489 "https://bola.osdestaques.com/" "Mozilla/5.0 (Linux; Android 10; K) AppleWebKit/537.36 (KHTML, like Gecko) Chrome/145.0.0.0 Mobile Safari/537.36" bola.osdestaques.com 10.53.160.225
51.210.2.181 - - [16/Aug/2026:12:36:23 -0300] "GET /wp-includes/js/comment-reply.min.js?ver=7.0.4 HTTP/2.0" 200 1505 "https://bola.osdestaques.com/" "Mozilla/5.0 (Linux; Android 10; K) AppleWebKit/537.36 (KHTML, like Gecko) Chrome/145.0.0.0 Mobile Safari/537.36" bola.osdestaques.com 10.53.160.225
51.210.2.181 - - [16/Aug/2026:12:36:23 -0300] "GET /wp-content/plugins/google-site-kit/dist/assets/js/googlesitekit-events-provider-contact-form-7-0310812e6aa65ef3c958.js HTTP/2.0" 200 3161 "https://bola.osdestaques.com/" "Mozilla/5.0 (Linux; Android 10; K) AppleWebKit/537.36 (KHTML, like Gecko) Chrome/145.0.0.0 Mobile Safari/537.36" bola.osdestaques.com 10.53.160.225
51.210.2.181 - - [16/Aug/2026:12:36:24 -0300] "GET /wp-content/uploads/2026/08/BLACK-BULLS-VS-BAIA-680x815.jpg HTTP/2.0" 200 91659 "https://bola.osdestaques.com/" "Mozilla/5.0 (Linux; Android 10; K) AppleWebKit/537.36 (KHTML, like Gecko) Chrome/145.0.0.0 Mobile Safari/537.36" bola.osdestaques.com 10.53.160.225
51.210.2.181 - - [16/Aug/2026:12:36:24 -0300] "GET /wp-content/uploads/2026/08/FER-BEIRA-680x466.jpg HTTP/2.0" 200 72261 "https://bola.osdestaques.com/" "Mozilla/5.0 (Linux; Android 10; K) AppleWebKit/537.36 (KHTML, like Gecko) Chrome/145.0.0.0 Mobile Safari/537.36" bola.osdestaques.com 10.53.160.225
51.210.2.181 - - [16/Aug/2026:12:36:24 -0300] "GET /wp-content/uploads/2026/07/SONGO-680x453.jpg HTTP/2.0" 200 61562 "https://bola.osdestaques.com/" "Mozilla/5.0 (Linux; Android 10; K) AppleWebKit/537.36 (KHTML, like Gecko) Chrome/145.0.0.0 Mobile Safari/537.36" bola.osdestaques.com 10.53.160.225
51.210.2.181 - - [16/Aug/2026:12:36:24 -0300] "GET /wp-content/uploads/2026/07/5eeb4986-fde1-4b37-87e1-a43bb42c753a-680x453.jpg HTTP/2.0" 200 35169 "https://bola.osdestaques.com/" "Mozilla/5.0 (Linux; Android 10; K) AppleWebKit/537.36 (KHTML, like Gecko) Chrome/145.0.0.0 Mobile Safari/537.36" bola.osdestaques.com 10.53.160.225
167.71.213.175 - - [16/Aug/2026:12:36:25 -0300] "GET /wp-content/themes/bopea/js/custom.js?ver=1.1.5 HTTP/2.0" 200 17738 "https://bola.osdestaques.com/2026/08/10/maxaquene-procura-primeiro-triunfo-jornal-desafio/" "Mozilla/5.0 (Linux; Android 10; HD1900 Build/QKQ1.190716.003; wv) AppleWebKit/537.36 (KHTML, like Gecko) Version/4.0 Chrome/75.0.3770.156 Mobile Safari/537.36 aweme_230400 JsSdk/1.0 NetType/WIFI AppName/aweme app_version/23.4.0 ByteLocale/zh-CN Region/CN AppSkin/white AppTheme/light BytedanceWebview/d8a21c6 WebView/075113004008" bola.osdestaques.com 10.53.160.225
167.71.213.175 - - [16/Aug/2026:12:36:25 -0300] "GET /wp-content/plugins/elementor/assets/js/webpack.runtime.min.js?ver=3.35.8 HTTP/2.0" 200 2642 "https://bola.osdestaques.com/2026/08/10/maxaquene-procura-primeiro-triunfo-jornal-desafio/" "Mozilla/5.0 (Linux; Android 10; HD1900 Build/QKQ1.190716.003; wv) AppleWebKit/537.36 (KHTML, like Gecko) Version/4.0 Chrome/75.0.3770.156 Mobile Safari/537.36 aweme_230400 JsSdk/1.0 NetType/WIFI AppName/aweme app_version/23.4.0 ByteLocale/zh-CN Region/CN AppSkin/white AppTheme/light BytedanceWebview/d8a21c6 WebView/075113004008" bola.osdestaques.com 10.53.160.225
167.71.213.175 - - [16/Aug/2026:12:36:25 -0300] "GET /wp-content/plugins/elementor/assets/js/frontend-modules.min.js?ver=3.35.8 HTTP/2.0" 200 21007 "https://bola.osdestaques.com/2026/08/10/maxaquene-procura-primeiro-triunfo-jornal-desafio/" "Mozilla/5.0 (Linux; Android 10; HD1900 Build/QKQ1.190716.003; wv) AppleWebKit/537.36 (KHTML, like Gecko) Version/4.0 Chrome/75.0.3770.156 Mobile Safari/537.36 aweme_230400 JsSdk/1.0 NetType/WIFI AppName/aweme app_version/23.4.0 ByteLocale/zh-CN Region/CN AppSkin/white AppTheme/light BytedanceWebview/d8a21c6 WebView/075113004008" bola.osdestaques.com 10.53.160.225
51.210.2.181 - - [16/Aug/2026:12:36:21 -0300] "GET /2026/07/27/ferroviario-luta-pela-dificil-ressurreicao/ HTTP/2.0" 200 39057 "https://bola.osdestaques.com/" "Mozilla/5.0 (Linux; Android 10; K) AppleWebKit/537.36 (KHTML, like Gecko) Chrome/145.0.0.0 Mobile Safari/537.36" bola.osdestaques.com 10.53.160.225
51.210.2.181 - - [16/Aug/2026:12:36:27 -0300] "GET /wp-includes/css/dist/block-library/style.min.css?ver=7.0.4 HTTP/2.0" 200 25240 "https://bola.osdestaques.com/2026/07/27/ferroviario-luta-pela-dificil-ressurreicao/" "Mozilla/5.0 (Linux; Android 10; K) AppleWebKit/537.36 (KHTML, like Gecko) Chrome/145.0.0.0 Mobile Safari/537.36" bola.osdestaques.com 10.53.160.225
51.210.2.181 - - [16/Aug/2026:12:36:27 -0300] "GET /wp-content/plugins/wp-automatic/css/wp-automatic.css?ver=1.0.0 HTTP/2.0" 200 892 "https://bola.osdestaques.com/2026/07/27/ferroviario-luta-pela-dificil-ressurreicao/" "Mozilla/5.0 (Linux; Android 10; K) AppleWebKit/537.36 (KHTML, like Gecko) Chrome/145.0.0.0 Mobile Safari/537.36" bola.osdestaques.com 10.53.160.225
51.210.2.181 - - [16/Aug/2026:12:36:28 -0300] "GET /wp-content/plugins/wp-automatic/js/main-front.js?ver=1.0.1 HTTP/2.0" 200 543 "https://bola.osdestaques.com/2026/07/27/ferroviario-luta-pela-dificil-ressurreicao/" "Mozilla/5.0 (Linux; Android 10; K) AppleWebKit/537.36 (KHTML, like Gecko) Chrome/145.0.0.0 Mobile Safari/537.36" bola.osdestaques.com 10.53.160.225
167.71.213.175 - - [16/Aug/2026:12:36:31 -0300] "GET /wp-includes/js/jquery/ui/core.min.js?ver=1.13.3 HTTP/2.0" 200 8375 "https://bola.osdestaques.com/2026/08/10/maxaquene-procura-primeiro-triunfo-jornal-desafio/" "Mozilla/5.0 (Linux; Android 10; HD1900 Build/QKQ1.190716.003; wv) AppleWebKit/537.36 (KHTML, like Gecko) Version/4.0 Chrome/75.0.3770.156 Mobile Safari/537.36 aweme_230400 JsSdk/1.0 NetType/WIFI AppName/aweme app_version/23.4.0 ByteLocale/zh-CN Region/CN AppSkin/white AppTheme/light BytedanceWebview/d8a21c6 WebView/075113004008" bola.osdestaques.com 10.53.160.225
167.71.213.175 - - [16/Aug/2026:12:36:31 -0300] "GET /wp-content/plugins/elementor/assets/js/frontend.min.js?ver=3.35.8 HTTP/2.0" 200 13283 "https://bola.osdestaques.com/2026/08/10/maxaquene-procura-primeiro-triunfo-jornal-desafio/" "Mozilla/5.0 (Linux; Android 10; HD1900 Build/QKQ1.190716.003; wv) AppleWebKit/537.36 (KHTML, like Gecko) Version/4.0 Chrome/75.0.3770.156 Mobile Safari/537.36 aweme_230400 JsSdk/1.0 NetType/WIFI AppName/aweme app_version/23.4.0 ByteLocale/zh-CN Region/CN AppSkin/white AppTheme/light BytedanceWebview/d8a21c6 WebView/075113004008" bola.osdestaques.com 10.53.160.225
167.71.213.175 - - [16/Aug/2026:12:36:32 -0300] "GET /wp-content/plugins/elementor-pro/assets/js/webpack-pro.runtime.min.js?ver=3.34.3 HTTP/2.0" 200 2952 "https://bola.osdestaques.com/2026/08/10/maxaquene-procura-primeiro-triunfo-jornal-desafio/" "Mozilla/5.0 (Linux; Android 10; HD1900 Build/QKQ1.190716.003; wv) AppleWebKit/537.36 (KHTML, like Gecko) Version/4.0 Chrome/75.0.3770.156 Mobile Safari/537.36 aweme_230400 JsSdk/1.0 NetType/WIFI AppName/aweme app_version/23.4.0 ByteLocale/zh-CN Region/CN AppSkin/white AppTheme/light BytedanceWebview/d8a21c6 WebView/075113004008" bola.osdestaques.com 10.53.160.225
167.71.213.175 - - [16/Aug/2026:12:36:32 -0300] "GET /wp-content/plugins/elementor-pro/assets/js/frontend.min.js?ver=3.34.3 HTTP/2.0" 200 8512 "https://bola.osdestaques.com/2026/08/10/maxaquene-procura-primeiro-triunfo-jornal-desafio/" "Mozilla/5.0 (Linux; Android 10; HD1900 Build/QKQ1.190716.003; wv) AppleWebKit/537.36 (KHTML, like Gecko) Version/4.0 Chrome/75.0.3770.156 Mobile Safari/537.36 aweme_230400 JsSdk/1.0 NetType/WIFI AppName/aweme app_version/23.4.0 ByteLocale/zh-CN Region/CN AppSkin/white AppTheme/light BytedanceWebview/d8a21c6 WebView/075113004008" bola.osdestaques.com 10.53.160.225
167.71.213.175 - - [16/Aug/2026:12:36:33 -0300] "GET /wp-content/plugins/elementor-pro/assets/js/elements-handlers.min.js?ver=3.34.3 HTTP/2.0" 200 14234 "https://bola.osdestaques.com/2026/08/10/maxaquene-procura-primeiro-triunfo-jornal-desafio/" "Mozilla/5.0 (Linux; Android 10; HD1900 Build/QKQ1.190716.003; wv) AppleWebKit/537.36 (KHTML, like Gecko) Version/4.0 Chrome/75.0.3770.156 Mobile Safari/537.36 aweme_230400 JsSdk/1.0 NetType/WIFI AppName/aweme app_version/23.4.0 ByteLocale/zh-CN Region/CN AppSkin/white AppTheme/light BytedanceWebview/d8a21c6 WebView/075113004008" bola.osdestaques.com 10.53.160.225
51.210.2.181 - - [16/Aug/2026:12:36:34 -0300] "GET /wp-content/uploads/2026/07/FER-MAPUTO-VS-COSTA-DO-SOL.jpg HTTP/2.0" 200 174204 "https://bola.osdestaques.com/2026/07/27/ferroviario-luta-pela-dificil-ressurreicao/" "Mozilla/5.0 (Linux; Android 10; K) AppleWebKit/537.36 (KHTML, like Gecko) Chrome/145.0.0.0 Mobile Safari/537.36" bola.osdestaques.com 10.53.160.225
167.71.213.175 - - [16/Aug/2026:12:36:34 -0300] "GET /wp-content/uploads/2026/08/MAXAQUENE-VS-FER-NACALA-20x14.jpg HTTP/2.0" 200 515 "https://bola.osdestaques.com/2026/08/10/maxaquene-procura-primeiro-triunfo-jornal-desafio/" "Mozilla/5.0 (Linux; Android 10; HD1900 Build/QKQ1.190716.003; wv) AppleWebKit/537.36 (KHTML, like Gecko) Version/4.0 Chrome/75.0.3770.156 Mobile Safari/537.36 aweme_230400 JsSdk/1.0 NetType/WIFI AppName/aweme app_version/23.4.0 ByteLocale/zh-CN Region/CN AppSkin/white AppTheme/light BytedanceWebview/d8a21c6 WebView/075113004008" bola.osdestaques.com 10.53.160.225
167.71.213.175 - - [16/Aug/2026:12:36:34 -0300] "GET /wp-content/uploads/2026/06/BLACK-BULLS-20x13.jpg HTTP/2.0" 200 512 "https://bola.osdestaques.com/2026/08/10/maxaquene-procura-primeiro-triunfo-jornal-desafio/" "Mozilla/5.0 (Linux; Android 10; HD1900 Build/QKQ1.190716.003; wv) AppleWebKit/537.36 (KHTML, like Gecko) Version/4.0 Chrome/75.0.3770.156 Mobile Safari/537.36 aweme_230400 JsSdk/1.0 NetType/WIFI AppName/aweme app_version/23.4.0 ByteLocale/zh-CN Region/CN AppSkin/white AppTheme/light BytedanceWebview/d8a21c6 WebView/075113004008" bola.osdestaques.com 10.53.160.225
51.210.2.181 - - [16/Aug/2026:12:36:34 -0300] "GET /wp-content/plugins/elementor/assets/js/shared-frontend-handlers.03caa53373b56d3bab67.bundle.min.js HTTP/2.0" 200 3130 "https://bola.osdestaques.com/2026/07/27/ferroviario-luta-pela-dificil-ressurreicao/" "Mozilla/5.0 (Linux; Android 10; K) AppleWebKit/537.36 (KHTML, like Gecko) Chrome/145.0.0.0 Mobile Safari/537.36" bola.osdestaques.com 10.53.160.225
51.210.2.181 - - [16/Aug/2026:12:36:36 -0300] "GET /wp-includes/js/wp-emoji-release.min.js?ver=7.0.4 HTTP/2.0" 200 5658 "https://bola.osdestaques.com/2026/07/27/ferroviario-luta-pela-dificil-ressurreicao/" "Mozilla/5.0 (Linux; Android 10; K) AppleWebKit/537.36 (KHTML, like Gecko) Chrome/145.0.0.0 Mobile Safari/537.36" bola.osdestaques.com 10.53.160.225
167.71.213.175 - - [16/Aug/2026:12:36:36 -0300] "GET /wp-content/uploads/2026/05/FER-BEIRA-VS-CHINGALE-20x15.jpg HTTP/2.0" 200 505 "https://bola.osdestaques.com/2026/08/10/maxaquene-procura-primeiro-triunfo-jornal-desafio/" "Mozilla/5.0 (Linux; Android 10; HD1900 Build/QKQ1.190716.003; wv) AppleWebKit/537.36 (KHTML, like Gecko) Version/4.0 Chrome/75.0.3770.156 Mobile Safari/537.36 aweme_230400 JsSdk/1.0 NetType/WIFI AppName/aweme app_version/23.4.0 ByteLocale/zh-CN Region/CN AppSkin/white AppTheme/light BytedanceWebview/d8a21c6 WebView/075113004008" bola.osdestaques.com 10.53.160.225
167.71.213.175 - - [16/Aug/2026:12:36:36 -0300] "GET /wp-content/uploads/2026/08/COSTA-DO-SOL-VS-FER-NAMPULA-20x13.jpg HTTP/2.0" 200 1008 "https://bola.osdestaques.com/2026/08/10/maxaquene-procura-primeiro-triunfo-jornal-desafio/" "Mozilla/5.0 (Linux; Android 10; HD1900 Build/QKQ1.190716.003; wv) AppleWebKit/537.36 (KHTML, like Gecko) Version/4.0 Chrome/75.0.3770.156 Mobile Safari/537.36 aweme_230400 JsSdk/1.0 NetType/WIFI AppName/aweme app_version/23.4.0 ByteLocale/zh-CN Region/CN AppSkin/white AppTheme/light BytedanceWebview/d8a21c6 WebView/075113004008" bola.osdestaques.com 10.53.160.225
167.71.213.175 - - [16/Aug/2026:12:36:36 -0300] "GET /wp-includes/js/comment-reply.min.js?ver=7.0.4 HTTP/2.0" 200 1505 "https://bola.osdestaques.com/2026/08/10/maxaquene-procura-primeiro-triunfo-jornal-desafio/" "Mozilla/5.0 (Linux; Android 10; HD1900 Build/QKQ1.190716.003; wv) AppleWebKit/537.36 (KHTML, like Gecko) Version/4.0 Chrome/75.0.3770.156 Mobile Safari/537.36 aweme_230400 JsSdk/1.0 NetType/WIFI AppName/aweme app_version/23.4.0 ByteLocale/zh-CN Region/CN AppSkin/white AppTheme/light BytedanceWebview/d8a21c6 WebView/075113004008" bola.osdestaques.com 10.53.160.225
167.71.213.175 - - [16/Aug/2026:12:36:37 -0300] "GET /wp-content/plugins/google-site-kit/dist/assets/js/googlesitekit-events-provider-contact-form-7-0310812e6aa65ef3c958.js HTTP/2.0" 200 3161 "https://bola.osdestaques.com/2026/08/10/maxaquene-procura-primeiro-triunfo-jornal-desafio/" "Mozilla/5.0 (Linux; Android 10; HD1900 Build/QKQ1.190716.003; wv) AppleWebKit/537.36 (KHTML, like Gecko) Version/4.0 Chrome/75.0.3770.156 Mobile Safari/537.36 aweme_230400 JsSdk/1.0 NetType/WIFI AppName/aweme app_version/23.4.0 ByteLocale/zh-CN Region/CN AppSkin/white AppTheme/light BytedanceWebview/d8a21c6 WebView/075113004008" bola.osdestaques.com 10.53.160.225
51.210.2.181 - - [16/Aug/2026:12:36:37 -0300] "GET /category/destaque/ HTTP/2.0" 200 35773 "https://bola.osdestaques.com/2026/07/27/ferroviario-luta-pela-dificil-ressurreicao/" "Mozilla/5.0 (Linux; Android 10; K) AppleWebKit/537.36 (KHTML, like Gecko) Chrome/145.0.0.0 Mobile Safari/537.36" bola.osdestaques.com 10.53.160.225
167.71.213.175 - - [16/Aug/2026:12:36:38 -0300] "GET /wp-content/uploads/2026/08/MAXAQUENE-VS-CHINGALE.jpg HTTP/2.0" 200 222626 "https://bola.osdestaques.com/2026/08/10/maxaquene-procura-primeiro-triunfo-jornal-desafio/" "Mozilla/5.0 (Linux; Android 10; HD1900 Build/QKQ1.190716.003; wv) AppleWebKit/537.36 (KHTML, like Gecko) Version/4.0 Chrome/75.0.3770.156 Mobile Safari/537.36 aweme_230400 JsSdk/1.0 NetType/WIFI AppName/aweme app_version/23.4.0 ByteLocale/zh-CN Region/CN AppSkin/white AppTheme/light BytedanceWebview/d8a21c6 WebView/075113004008" bola.osdestaques.com 10.53.160.225
51.210.2.181 - - [16/Aug/2026:12:36:39 -0300] "GET /wp-content/uploads/2026/05/IMG_9557-20x11.jpeg HTTP/2.0" 200 643 "https://bola.osdestaques.com/category/destaque/" "Mozilla/5.0 (Linux; Android 10; K) AppleWebKit/537.36 (KHTML, like Gecko) Chrome/145.0.0.0 Mobile Safari/537.36" bola.osdestaques.com 10.53.160.225
167.71.213.175 - - [16/Aug/2026:12:36:39 -0300] "GET /wp-content/plugins/elementor/assets/js/shared-frontend-handlers.03caa53373b56d3bab67.bundle.min.js HTTP/2.0" 200 3130 "https://bola.osdestaques.com/2026/08/10/maxaquene-procura-primeiro-triunfo-jornal-desafio/" "Mozilla/5.0 (Linux; Android 10; HD1900 Build/QKQ1.190716.003; wv) AppleWebKit/537.36 (KHTML, like Gecko) Version/4.0 Chrome/75.0.3770.156 Mobile Safari/537.36 aweme_230400 JsSdk/1.0 NetType/WIFI AppName/aweme app_version/23.4.0 ByteLocale/zh-CN Region/CN AppSkin/white AppTheme/light BytedanceWebview/d8a21c6 WebView/075113004008" bola.osdestaques.com 10.53.160.225
167.71.213.175 - - [16/Aug/2026:12:36:39 -0300] "GET /wp-includes/js/wp-emoji-release.min.js?ver=7.0.4 HTTP/2.0" 200 5658 "https://bola.osdestaques.com/2026/08/10/maxaquene-procura-primeiro-triunfo-jornal-desafio/" "Mozilla/5.0 (Linux; Android 10; HD1900 Build/QKQ1.190716.003; wv) AppleWebKit/537.36 (KHTML, like Gecko) Version/4.0 Chrome/75.0.3770.156 Mobile Safari/537.36 aweme_230400 JsSdk/1.0 NetType/WIFI AppName/aweme app_version/23.4.0 ByteLocale/zh-CN Region/CN AppSkin/white AppTheme/light BytedanceWebview/d8a21c6 WebView/075113004008" bola.osdestaques.com 10.53.160.225
51.210.2.181 - - [16/Aug/2026:12:36:39 -0300] "GET /wp-content/uploads/2026/04/60253-20x13.jpg HTTP/2.0" 200 667 "https://bola.osdestaques.com/category/destaque/" "Mozilla/5.0 (Linux; Android 10; K) AppleWebKit/537.36 (KHTML, like Gecko) Chrome/145.0.0.0 Mobile Safari/537.36" bola.osdestaques.com 10.53.160.225
51.210.2.181 - - [16/Aug/2026:12:36:39 -0300] "GET /wp-content/uploads/2026/04/fc5e054f-8f6a-4744-88c0-510e3ce36fe0-20x14.jpg HTTP/2.0" 200 719 "https://bola.osdestaques.com/category/destaque/" "Mozilla/5.0 (Linux; Android 10; K) AppleWebKit/537.36 (KHTML, like Gecko) Chrome/145.0.0.0 Mobile Safari/537.36" bola.osdestaques.com 10.53.160.225
51.210.2.181 - - [16/Aug/2026:12:36:39 -0300] "GET /wp-content/uploads/2026/04/IMG_8212-20x19.jpeg HTTP/2.0" 200 682 "https://bola.osdestaques.com/category/destaque/" "Mozilla/5.0 (Linux; Android 10; K) AppleWebKit/537.36 (KHTML, like Gecko) Chrome/145.0.0.0 Mobile Safari/537.36" bola.osdestaques.com 10.53.160.225
51.210.2.181 - - [16/Aug/2026:12:36:39 -0300] "GET /wp-content/uploads/2026/04/IMG_8120-20x12.jpeg HTTP/2.0" 200 592 "https://bola.osdestaques.com/category/destaque/" "Mozilla/5.0 (Linux; Android 10; K) AppleWebKit/537.36 (KHTML, like Gecko) Chrome/145.0.0.0 Mobile Safari/537.36" bola.osdestaques.com 10.53.160.225
51.210.2.181 - - [16/Aug/2026:12:36:39 -0300] "GET /wp-content/uploads/2026/04/IMG_8121-20x12.jpeg HTTP/2.0" 200 644 "https://bola.osdestaques.com/category/destaque/" "Mozilla/5.0 (Linux; Android 10; K) AppleWebKit/537.36 (KHTML, like Gecko) Chrome/145.0.0.0 Mobile Safari/537.36" bola.osdestaques.com 10.53.160.225
51.210.2.181 - - [16/Aug/2026:12:36:39 -0300] "GET /wp-content/uploads/2026/04/504431324_1069328715306554_7574075124268578257_n-e1775129205171-20x13.jpg HTTP/2.0" 200 655 "https://bola.osdestaques.com/category/destaque/" "Mozilla/5.0 (Linux; Android 10; K) AppleWebKit/537.36 (KHTML, like Gecko) Chrome/145.0.0.0 Mobile Safari/537.36" bola.osdestaques.com 10.53.160.225
51.210.2.181 - - [16/Aug/2026:12:36:40 -0300] "GET /wp-content/uploads/2026/07/04cbe32e-8e72-4e9a-a7bb-b8b85e210561-680x453.jpg HTTP/2.0" 200 68188 "https://bola.osdestaques.com/category/destaque/" "Mozilla/5.0 (Linux; Android 10; K) AppleWebKit/537.36 (KHTML, like Gecko) Chrome/145.0.0.0 Mobile Safari/537.36" bola.osdestaques.com 10.53.160.225
51.210.2.181 - - [16/Aug/2026:12:36:40 -0300] "GET /wp-content/uploads/2026/05/IMG_9557-680x381.jpeg HTTP/2.0" 200 41103 "https://bola.osdestaques.com/category/destaque/" "Mozilla/5.0 (Linux; Android 10; K) AppleWebKit/537.36 (KHTML, like Gecko) Chrome/145.0.0.0 Mobile Safari/537.36" bola.osdestaques.com 10.53.160.225
51.210.2.181 - - [16/Aug/2026:12:36:40 -0300] "GET /wp-content/uploads/2026/04/60253-680x454.jpg HTTP/2.0" 200 57555 "https://bola.osdestaques.com/category/destaque/" "Mozilla/5.0 (Linux; Android 10; K) AppleWebKit/537.36 (KHTML, like Gecko) Chrome/145.0.0.0 Mobile Safari/537.36" bola.osdestaques.com 10.53.160.225
43.167.222.79 - - [16/Aug/2026:12:36:47 -0300] "GET / HTTP/2.0" 200 - "-" "Mozilla/5.0 (Android 15; Mobile; rv:142.0) Gecko/142.0 Firefox/142.0" bola.osdestaques.com 10.53.160.225
123.26.71.6 - - [16/Aug/2026:12:36:48 -0300] "GET / HTTP/1.1" 200 78120 "-" "Mozilla/5.0 (Linux; Android 10; K) AppleWebKit/537.36 (KHTML, like Gecko) Chrome/148.0.0.0 Mobile Safari/537.36" bola.osdestaques.com 10.53.160.225
123.26.71.6 - - [16/Aug/2026:12:36:51 -0300] "GET /wp-content/plugins/bopea-function/assets/css/metas.css?ver=1.1.1 HTTP/1.1" 200 4541 "https://bola.osdestaques.com/" "Mozilla/5.0 (Linux; Android 10; K) AppleWebKit/537.36 (KHTML, like Gecko) Chrome/148.0.0.0 Mobile Safari/537.36" bola.osdestaques.com 10.53.160.225
123.26.71.6 - - [16/Aug/2026:12:36:51 -0300] "GET /wp-content/themes/bopea/css/editor.css?ver=1.1.5 HTTP/1.1" 200 7642 "https://bola.osdestaques.com/" "Mozilla/5.0 (Linux; Android 10; K) AppleWebKit/537.36 (KHTML, like Gecko) Chrome/148.0.0.0 Mobile Safari/537.36" bola.osdestaques.com 10.53.160.225
123.26.71.6 - - [16/Aug/2026:12:36:51 -0300] "GET /wp-content/plugins/contact-form-7/includes/css/styles.css?ver=6.1.5 HTTP/1.1" 200 1080 "https://bola.osdestaques.com/" "Mozilla/5.0 (Linux; Android 10; K) AppleWebKit/537.36 (KHTML, like Gecko) Chrome/148.0.0.0 Mobile Safari/537.36" bola.osdestaques.com 10.53.160.225
123.26.71.6 - - [16/Aug/2026:12:36:51 -0300] "GET /wp-content/themes/bopea/css/layout.css?ver=1.1.5 HTTP/1.1" 200 2931 "https://bola.osdestaques.com/" "Mozilla/5.0 (Linux; Android 10; K) AppleWebKit/537.36 (KHTML, like Gecko) Chrome/148.0.0.0 Mobile Safari/537.36" bola.osdestaques.com 10.53.160.225
123.26.71.6 - - [16/Aug/2026:12:36:51 -0300] "GET /wp-content/themes/bopea/css/glightbox.min.css?ver=1.1.5 HTTP/1.1" 200 3355 "https://bola.osdestaques.com/" "Mozilla/5.0 (Linux; Android 10; K) AppleWebKit/537.36 (KHTML, like Gecko) Chrome/148.0.0.0 Mobile Safari/537.36" bola.osdestaques.com 10.53.160.225
123.26.71.6 - - [16/Aug/2026:12:36:51 -0300] "GET /wp-content/themes/bopea/style.css?ver=1.1.5 HTTP/1.1" 200 115090 "https://bola.osdestaques.com/" "Mozilla/5.0 (Linux; Android 10; K) AppleWebKit/537.36 (KHTML, like Gecko) Chrome/148.0.0.0 Mobile Safari/537.36" bola.osdestaques.com 10.53.160.225
123.26.71.6 - - [16/Aug/2026:12:36:51 -0300] "GET /wp-content/plugins/elementor/assets/lib/swiper/v8/css/swiper.min.css?ver=8.4.5 HTTP/1.1" 200 5361 "https://bola.osdestaques.com/" "Mozilla/5.0 (Linux; Android 10; K) AppleWebKit/537.36 (KHTML, like Gecko) Chrome/148.0.0.0 Mobile Safari/537.36" bola.osdestaques.com 10.53.160.225
123.26.71.6 - - [16/Aug/2026:12:36:52 -0300] "GET /wp-content/plugins/elementor/assets/css/frontend.min.css?ver=3.35.8 HTTP/1.1" 200 10145 "https://bola.osdestaques.com/" "Mozilla/5.0 (Linux; Android 10; K) AppleWebKit/537.36 (KHTML, like Gecko) Chrome/148.0.0.0 Mobile Safari/537.36" bola.osdestaques.com 10.53.160.225
123.26.71.6 - - [16/Aug/2026:12:36:52 -0300] "GET /wp-content/uploads/elementor/css/post-15.css?ver=1786552923 HTTP/1.1" 200 401 "https://bola.osdestaques.com/" "Mozilla/5.0 (Linux; Android 10; K) AppleWebKit/537.36 (KHTML, like Gecko) Chrome/148.0.0.0 Mobile Safari/537.36" bola.osdestaques.com 10.53.160.225
123.26.71.6 - - [16/Aug/2026:12:36:52 -0300] "GET /wp-content/uploads/elementor/css/post-13574.css?ver=1786552925 HTTP/1.1" 200 5145 "https://bola.osdestaques.com/" "Mozilla/5.0 (Linux; Android 10; K) AppleWebKit/537.36 (KHTML, like Gecko) Chrome/148.0.0.0 Mobile Safari/537.36" bola.osdestaques.com 10.53.160.225
123.26.71.6 - - [16/Aug/2026:12:36:52 -0300] "GET /wp-content/uploads/elementor/css/post-24887.css?ver=1786552923 HTTP/1.1" 200 852 "https://bola.osdestaques.com/" "Mozilla/5.0 (Linux; Android 10; K) AppleWebKit/537.36 (KHTML, like Gecko) Chrome/148.0.0.0 Mobile Safari/537.36" bola.osdestaques.com 10.53.160.225
123.26.71.6 - - [16/Aug/2026:12:36:52 -0300] "GET /wp-content/uploads/elementor/css/post-24328.css?ver=1786552923 HTTP/1.1" 200 1490 "https://bola.osdestaques.com/" "Mozilla/5.0 (Linux; Android 10; K) AppleWebKit/537.36 (KHTML, like Gecko) Chrome/148.0.0.0 Mobile Safari/537.36" bola.osdestaques.com 10.53.160.225
123.26.71.6 - - [16/Aug/2026:12:36:52 -0300] "GET /wp-content/uploads/elementor/css/post-22453.css?ver=1786552923 HTTP/1.1" 200 2744 "https://bola.osdestaques.com/" "Mozilla/5.0 (Linux; Android 10; K) AppleWebKit/537.36 (KHTML, like Gecko) Chrome/148.0.0.0 Mobile Safari/537.36" bola.osdestaques.com 10.53.160.225
123.26.71.6 - - [16/Aug/2026:12:36:52 -0300] "GET /wp-content/uploads/elementor/css/post-13612.css?ver=1786552923 HTTP/1.1" 200 554 "https://bola.osdestaques.com/" "Mozilla/5.0 (Linux; Android 10; K) AppleWebKit/537.36 (KHTML, like Gecko) Chrome/148.0.0.0 Mobile Safari/537.36" bola.osdestaques.com 10.53.160.225
123.26.71.6 - - [16/Aug/2026:12:36:52 -0300] "GET /wp-content/uploads/elementor/css/post-22143.css?ver=1786552923 HTTP/1.1" 200 2948 "https://bola.osdestaques.com/" "Mozilla/5.0 (Linux; Android 10; K) AppleWebKit/537.36 (KHTML, like Gecko) Chrome/148.0.0.0 Mobile Safari/537.36" bola.osdestaques.com 10.53.160.225
123.26.71.6 - - [16/Aug/2026:12:36:52 -0300] "GET /wp-content/uploads/elementor/css/post-12625.css?ver=1786552923 HTTP/1.1" 200 2489 "https://bola.osdestaques.com/" "Mozilla/5.0 (Linux; Android 10; K) AppleWebKit/537.36 (KHTML, like Gecko) Chrome/148.0.0.0 Mobile Safari/537.36" bola.osdestaques.com 10.53.160.225
123.26.71.6 - - [16/Aug/2026:12:36:52 -0300] "GET /wp-content/uploads/elementor/css/post-12383.css?ver=1786552923 HTTP/1.1" 200 754 "https://bola.osdestaques.com/" "Mozilla/5.0 (Linux; Android 10; K) AppleWebKit/537.36 (KHTML, like Gecko) Chrome/148.0.0.0 Mobile Safari/537.36" bola.osdestaques.com 10.53.160.225
123.26.71.6 - - [16/Aug/2026:12:36:52 -0300] "GET /wp-content/uploads/elementor/css/post-12224.css?ver=1786552923 HTTP/1.1" 200 1440 "https://bola.osdestaques.com/" "Mozilla/5.0 (Linux; Android 10; K) AppleWebKit/537.36 (KHTML, like Gecko) Chrome/148.0.0.0 Mobile Safari/537.36" bola.osdestaques.com 10.53.160.225
123.26.71.6 - - [16/Aug/2026:12:36:52 -0300] "GET /wp-includes/js/jquery/jquery-migrate.min.js?ver=3.4.1 HTTP/1.1" 200 5422 "https://bola.osdestaques.com/" "Mozilla/5.0 (Linux; Android 10; K) AppleWebKit/537.36 (KHTML, like Gecko) Chrome/148.0.0.0 Mobile Safari/537.36" bola.osdestaques.com 10.53.160.225
123.26.71.6 - - [16/Aug/2026:12:36:52 -0300] "GET /wp-includes/js/jquery/jquery.min.js?ver=3.7.1 HTTP/1.1" 200 38349 "https://bola.osdestaques.com/" "Mozilla/5.0 (Linux; Android 10; K) AppleWebKit/537.36 (KHTML, like Gecko) Chrome/148.0.0.0 Mobile Safari/537.36" bola.osdestaques.com 10.53.160.225
123.26.71.6 - - [16/Aug/2026:12:36:52 -0300] "GET /wp-includes/js/imagesloaded.min.js?ver=5.0.0 HTTP/1.1" 200 2112 "https://bola.osdestaques.com/" "Mozilla/5.0 (Linux; Android 10; K) AppleWebKit/537.36 (KHTML, like Gecko) Chrome/148.0.0.0 Mobile Safari/537.36" bola.osdestaques.com 10.53.160.225
98.97.151.76 - - [16/Aug/2026:12:37:19 -0300] "GET / HTTP/2.0" 421 362 "-" "Mozilla/5.0 (Linux; U; Android 11; Pixel 4) AppleWebKit/537.36 (KHTML, like Gecko) Version/4.0 Chrome/100.0 UCBrowser/16.0.2 Mobile Safari/537.36" bola.osdestaques.com 10.53.160.225
69.6.249.106 - - [16/Aug/2026:12:37:26 -0300] "POST /wp-cron.php?doing_wp_cron=1786894646.5482950210571289062500 HTTP/1.1" 200 - "-" "WordPress/7.0.4; https://bola.osdestaques.com" bola.osdestaques.com 10.53.160.225
98.97.151.76 - - [16/Aug/2026:12:37:20 -0300] "GET / HTTP/2.0" 200 78120 "-" "Mozilla/5.0 (Linux; U; Android 11; Pixel 4) AppleWebKit/537.36 (KHTML, like Gecko) Version/4.0 Chrome/100.0 UCBrowser/16.0.2 Mobile Safari/537.36" bola.osdestaques.com 10.53.160.225
172.232.195.32 - - [16/Aug/2026:12:37:28 -0300] "GET / HTTP/2.0" 406 226 "-" "Mozilla/5.0 (Linux; Android 5.0) AppleWebKit/537.36 (KHTML, like Gecko) Mobile Safari/537.36 (compatible; Bytespider; https://zhanzhang.toutiao.com/)" bola.osdestaques.com 10.53.160.225
98.97.151.76 - - [16/Aug/2026:12:38:19 -0300] "GET / HTTP/2.0" 200 78120 "-" "Mozilla/5.0 (Linux; U; Android 11; Pixel 4) AppleWebKit/537.36 (KHTML, like Gecko) Version/4.0 Chrome/100.0 UCBrowser/16.0.2 Mobile Safari/537.36" bola.osdestaques.com 10.53.160.225
69.6.249.106 - - [16/Aug/2026:12:39:00 -0300] "POST /wp-cron.php?doing_wp_cron=1786894740.0907049179077148437500 HTTP/1.1" 200 - "-" "WordPress/7.0.4; https://bola.osdestaques.com" bola.osdestaques.com 10.53.160.225
98.97.151.76 - - [16/Aug/2026:12:38:59 -0300] "GET / HTTP/2.0" 200 78120 "-" "Mozilla/5.0 (Linux; Android 10; Pixel 3a) AppleWebKit/537.36 (KHTML, like Gecko) Chrome/110.0 Mobile Safari/537.36 EdgA/110.0" bola.osdestaques.com 10.53.160.225
98.97.151.76 - - [16/Aug/2026:12:39:07 -0300] "GET / HTTP/2.0" 200 78120 "-" "Mozilla/5.0 (Linux; Android 10; Pixel 3a) AppleWebKit/537.36 (KHTML, like Gecko) Chrome/110.0 Mobile Safari/537.36 EdgA/110.0" bola.osdestaques.com 10.53.160.225
103.200.87.241 - - [16/Aug/2026:12:39:14 -0300] "GET / HTTP/2.0" 200 78120 "-" "Mozilla/5.0 (Linux; Android 10; K) AppleWebKit/537.36 (KHTML, like Gecko) Chrome/146.0.0.0 Mobile Safari/537.36" bola.osdestaques.com 10.53.160.225
103.200.87.241 - - [16/Aug/2026:12:39:15 -0300] "GET /wp-content/plugins/bopea-function/assets/css/metas.css?ver=1.1.1 HTTP/2.0" 200 4541 "https://bola.osdestaques.com/" "Mozilla/5.0 (Linux; Android 10; K) AppleWebKit/537.36 (KHTML, like Gecko) Chrome/146.0.0.0 Mobile Safari/537.36" bola.osdestaques.com 10.53.160.225
103.200.87.241 - - [16/Aug/2026:12:39:15 -0300] "GET /wp-content/themes/bopea/css/editor.css?ver=1.1.5 HTTP/2.0" 200 7642 "https://bola.osdestaques.com/" "Mozilla/5.0 (Linux; Android 10; K) AppleWebKit/537.36 (KHTML, like Gecko) Chrome/146.0.0.0 Mobile Safari/537.36" bola.osdestaques.com 10.53.160.225
103.200.87.241 - - [16/Aug/2026:12:39:16 -0300] "GET /wp-content/plugins/contact-form-7/includes/css/styles.css?ver=6.1.5 HTTP/2.0" 200 1080 "https://bola.osdestaques.com/" "Mozilla/5.0 (Linux; Android 10; K) AppleWebKit/537.36 (KHTML, like Gecko) Chrome/146.0.0.0 Mobile Safari/537.36" bola.osdestaques.com 10.53.160.225
103.200.87.241 - - [16/Aug/2026:12:39:16 -0300] "GET /wp-content/themes/bopea/css/layout.css?ver=1.1.5 HTTP/2.0" 200 2931 "https://bola.osdestaques.com/" "Mozilla/5.0 (Linux; Android 10; K) AppleWebKit/537.36 (KHTML, like Gecko) Chrome/146.0.0.0 Mobile Safari/537.36" bola.osdestaques.com 10.53.160.225
103.200.87.241 - - [16/Aug/2026:12:39:16 -0300] "GET /wp-content/themes/bopea/style.css?ver=1.1.5 HTTP/2.0" 200 115090 "https://bola.osdestaques.com/" "Mozilla/5.0 (Linux; Android 10; K) AppleWebKit/537.36 (KHTML, like Gecko) Chrome/146.0.0.0 Mobile Safari/537.36" bola.osdestaques.com 10.53.160.225
103.200.87.241 - - [16/Aug/2026:12:39:16 -0300] "GET /wp-content/themes/bopea/css/glightbox.min.css?ver=1.1.5 HTTP/2.0" 200 3355 "https://bola.osdestaques.com/" "Mozilla/5.0 (Linux; Android 10; K) AppleWebKit/537.36 (KHTML, like Gecko) Chrome/146.0.0.0 Mobile Safari/537.36" bola.osdestaques.com 10.53.160.225
103.200.87.241 - - [16/Aug/2026:12:39:16 -0300] "GET /wp-content/plugins/elementor/assets/lib/swiper/v8/css/swiper.min.css?ver=8.4.5 HTTP/2.0" 200 5361 "https://bola.osdestaques.com/" "Mozilla/5.0 (Linux; Android 10; K) AppleWebKit/537.36 (KHTML, like Gecko) Chrome/146.0.0.0 Mobile Safari/537.36" bola.osdestaques.com 10.53.160.225
103.200.87.241 - - [16/Aug/2026:12:39:16 -0300] "GET /wp-content/plugins/elementor/assets/css/frontend.min.css?ver=3.35.8 HTTP/2.0" 200 10145 "https://bola.osdestaques.com/" "Mozilla/5.0 (Linux; Android 10; K) AppleWebKit/537.36 (KHTML, like Gecko) Chrome/146.0.0.0 Mobile Safari/537.36" bola.osdestaques.com 10.53.160.225
98.97.151.76 - - [16/Aug/2026:12:39:15 -0300] "GET / HTTP/2.0" 200 78120 "-" "Mozilla/5.0 (Linux; Android 10; Pixel 3a) AppleWebKit/537.36 (KHTML, like Gecko) Chrome/110.0 Mobile Safari/537.36 EdgA/110.0" bola.osdestaques.com 10.53.160.225
98.97.151.76 - - [16/Aug/2026:12:39:19 -0300] "GET / HTTP/2.0" 421 362 "-" "Mozilla/5.0 (Linux; Android 10; Pixel 3) AppleWebKit/537.36 (KHTML, like Gecko) Chrome/110.0 Mobile Safari/537.36 Vivaldi/5.7" bola.osdestaques.com 10.53.160.225
98.97.151.76 - - [16/Aug/2026:12:39:20 -0300] "GET / HTTP/2.0" 200 78120 "-" "Mozilla/5.0 (Linux; Android 10; Pixel 3) AppleWebKit/537.36 (KHTML, like Gecko) Chrome/110.0 Mobile Safari/537.36 Vivaldi/5.7" bola.osdestaques.com 10.53.160.225
98.97.151.76 - - [16/Aug/2026:12:39:23 -0300] "GET / HTTP/2.0" 200 78120 "-" "Mozilla/5.0 (Linux; Android 10; Pixel 3a) AppleWebKit/537.36 (KHTML, like Gecko) Chrome/110.0 Mobile Safari/537.36 EdgA/110.0" bola.osdestaques.com 10.53.160.225
217.53.153.201 - - [16/Aug/2026:12:39:28 -0300] "GET / HTTP/2.0" 200 - "-" "Mozilla/5.0 (Linux; arm_64; Android 12; SM-M515F) AppleWebKit/537.36 (KHTML, like Gecko) Chrome/138.0.7204.64 YaBrowser/25.8.8.64.00 SA/3 Mobile Safari/C30B82" bola.osdestaques.com 10.53.160.225
91.242.125.211 - - [16/Aug/2026:12:39:28 -0300] "GET / HTTP/2.0" 200 - "-" "Mozilla/5.0 (Linux; Android 11; Redmi Note 8) AppleWebKit/537.36 (KHTML, like Gecko) Chrome/94.0.4606.85 Mobile Safari/537.36" bola.osdestaques.com 10.53.160.225
